{"id":37,"date":"2016-03-05T18:24:58","date_gmt":"2016-03-05T17:24:58","guid":{"rendered":"https:\/\/autourdenous87.fr\/?page_id=37"},"modified":"2026-04-12T12:01:17","modified_gmt":"2026-04-12T10:01:17","slug":"annonces","status":"publish","type":"page","link":"https:\/\/autourdenous87.fr\/index.php\/annonces\/","title":{"rendered":"Actualit\u00e9s"},"content":{"rendered":"<p>Prenez note<\/p>\n<p>Dans le cadre de \u201cPrintemps en marche\u201d, manifestation organis\u00e9e le week-end des 2 et 3 mai place Lac\u00f4te par l\u2019association des <strong>Amis des fleurs<\/strong>, <strong>ADN<\/strong> vous invite \u00e0 une balade comment\u00e9e d\u2019une heure trente \u201c<strong>Conna\u00eetre sa ville\u201d<\/strong>\u00a0 \u00a0le samedi 2 mai dans le centre ville de Saint-Junien.<\/p>\n<p>D\u00e9part \u00e0 17h30 de la place Lac\u00f4te<\/p>\n<p>Au retour de cette balade, vous serez accueillis par le groupe \u201cUn air de Vieux sabots\u201d qui donnera une aubade, prestation musicale de chansons\u00a0 anciennes toujours appr\u00e9ci\u00e9es.<\/p>\n<p>Possibilit\u00e9 de vous restaurer sur place \u00e0 votre retour.<\/p>\n<p>Venez partager un agr\u00e9able moment ensemble<\/p>\n<h3 style=\"text-align: center;\"><a href=\"https:\/\/autourdenous87.fr\/wp-content\/uploads\/2026\/01\/Communication-initiation-MN.pdf\">Communication initiation MN<\/a><\/h3>\n<p>&nbsp;<\/p>\n<h1><img loading=\"lazy\" decoding=\"async\" class=\"alignnone wp-image-45417 aligncenter\" src=\"https:\/\/autourdenous87.fr\/wp-content\/uploads\/2026\/01\/mer._7_01_2026_15_38_32-169x300.jpg\" alt=\"\" width=\"363\" height=\"645\" srcset=\"https:\/\/autourdenous87.fr\/wp-content\/uploads\/2026\/01\/mer._7_01_2026_15_38_32-169x300.jpg 169w, https:\/\/autourdenous87.fr\/wp-content\/uploads\/2026\/01\/mer._7_01_2026_15_38_32.jpg 543w\" sizes=\"auto, (max-width: 363px) 85vw, 363px\" \/><\/h1>\n<p>&nbsp;<\/p>\n<p>&nbsp;<\/p>\n<p style=\"font-weight: 400;\">\n","protected":false},"excerpt":{"rendered":"<p>Prenez note Dans le cadre de \u201cPrintemps en marche\u201d, manifestation organis\u00e9e le week-end des 2 et 3 mai place Lac\u00f4te par l\u2019association des Amis des fleurs, ADN vous invite \u00e0 une balade comment\u00e9e d\u2019une heure trente \u201cConna\u00eetre sa ville\u201d\u00a0 \u00a0le samedi 2 mai dans le centre ville de Saint-Junien. D\u00e9part \u00e0 17h30 de la place &hellip; <a href=\"https:\/\/autourdenous87.fr\/index.php\/annonces\/\" class=\"more-link\">Continuer la lecture<span class=\"screen-reader-text\"> de &laquo;&nbsp;Actualit\u00e9s&nbsp;&raquo;<\/span><\/a><\/p>\n","protected":false},"author":12,"featured_media":0,"parent":0,"menu_order":0,"comment_status":"closed","ping_status":"closed","template":"","meta":{"footnotes":""},"class_list":["post-37","page","type-page","status-publish","hentry"],"_links":{"self":[{"href":"https:\/\/autourdenous87.fr\/index.php\/wp-json\/wp\/v2\/pages\/37","targetHints":{"allow":["GET"]}}],"collection":[{"href":"https:\/\/autourdenous87.fr\/index.php\/wp-json\/wp\/v2\/pages"}],"about":[{"href":"https:\/\/autourdenous87.fr\/index.php\/wp-json\/wp\/v2\/types\/page"}],"author":[{"embeddable":true,"href":"https:\/\/autourdenous87.fr\/index.php\/wp-json\/wp\/v2\/users\/12"}],"replies":[{"embeddable":true,"href":"https:\/\/autourdenous87.fr\/index.php\/wp-json\/wp\/v2\/comments?post=37"}],"version-history":[{"count":72,"href":"https:\/\/autourdenous87.fr\/index.php\/wp-json\/wp\/v2\/pages\/37\/revisions"}],"predecessor-version":[{"id":45533,"href":"https:\/\/autourdenous87.fr\/index.php\/wp-json\/wp\/v2\/pages\/37\/revisions\/45533"}],"wp:attachment":[{"href":"https:\/\/autourdenous87.fr\/index.php\/wp-json\/wp\/v2\/media?parent=37"}],"curies":[{"name":"wp","href":"https:\/\/api.w.org\/{rel}","templated":true}]}}

Actualités

<p>Prenez note</p>
<p>Dans le cadre de “Printemps en marche”, manifestation organisée le week-end des 2 et 3 mai place Lacôte par l’association des <strong>Amis des fleurs</strong>, <strong>ADN</strong> vous invite à une balade commentée d’une heure trente “<strong>Connaître sa ville”</strong>   le samedi 2 mai dans le centre ville de Saint-Junien.</p>
<p>Départ à 17h30 de la place Lacôte</p>
<p>Au retour de cette balade, vous serez accueillis par le groupe “Un air de Vieux sabots” qui donnera une aubade, prestation musicale de chansons  anciennes toujours appréciées.</p>
<p>Possibilité de vous restaurer sur place à votre retour.</p>
<p>Venez partager un agréable moment ensemble</p>
<h3 style="text-align: center;"><a href="https://autourdenous87.fr/wp-content/uploads/2026/01/Communication-initiation-MN.pdf">Communication initiation MN</a></h3>
<p>&nbsp;</p>
<h1><img loading="lazy" decoding="async" class="alignnone wp-image-45417 aligncenter" src="https://autourdenous87.fr/wp-content/uploads/2026/01/mer._7_01_2026_15_38_32-169x300.jpg" alt="" width="363" height="645" srcset="https://autourdenous87.fr/wp-content/uploads/2026/01/mer._7_01_2026_15_38_32-169x300.jpg 169w, https://autourdenous87.fr/wp-content/uploads/2026/01/mer._7_01_2026_15_38_32.jpg 543w" sizes="auto, (max-width: 363px) 85vw, 363px" /></h1>
<p>&nbsp;</p>
<p>&nbsp;</p>
<p style="font-weight: 400;">

<p>Prenez note Dans le cadre de “Printemps en marche”, manifestation organisée le week-end des 2 et 3 mai place Lacôte par l’association des Amis des fleurs, ADN vous invite à une balade commentée d’une heure trente “Connaître sa ville”   le samedi 2 mai dans le centre ville de Saint-Junien. Départ à 17h30 de la place &hellip; <a href="https://autourdenous87.fr/index.php/annonces/" class="more-link">Continuer la lecture<span class="screen-reader-text"> de &laquo;&nbsp;Actualités&nbsp;&raquo;</span></a></p>
