{"id":38576,"date":"2020-01-25T17:47:48","date_gmt":"2020-01-25T16:47:48","guid":{"rendered":"https:\/\/autourdenous87.fr\/?page_id=38576"},"modified":"2020-01-25T17:47:48","modified_gmt":"2020-01-25T16:47:48","slug":"photos-manifestations-exceptionnelles-2011","status":"publish","type":"page","link":"https:\/\/autourdenous87.fr\/index.php\/galerie-photos\/photos-manifestations-exceptionnelles\/photos-manifestations-exceptionnelles-2011\/","title":{"rendered":"Photos Manifestations exceptionnelles 2011"},"content":{"rendered":"<style type=\"text\/css\">.foogallery-album-gallery-list .foogallery-pile h3 { background: #fff !important; }.foogallery-album-gallery-list .foogallery-pile h3 { color: #000000 !important; }<\/style><div id=\"foogallery-album-275\">\n\t<ul class=\"foogallery-album-gallery-list alignment-left\">\n\t\t\t\t\t\t<li>\n\t\t\t\t\t<div class=\"foogallery-pile\">\n\t\t\t\t\t\t<div class=\"foogallery-pile-inner\">\n\t\t\t\t\t\t\t<a href=\"\/index.php\/wp-json\/wp\/v2\/pages\/38576?zgalleryz=13-mars-marche-trait-dunion#photos-manifestations-exceptionnelles-2011\" target=\"_self\">\n\t\t\t\t\t\t\t\t<img loading=\"lazy\" decoding=\"async\"  src=\"https:\/\/autourdenous87.fr\/wp-content\/uploads\/cache\/2016\/03\/13-mars-Marche-Trait-dUnion-1\/2212202275.jpg\" width=\"200\" height=\"200\" class=\"skip-lazy\" \/>\t\t\t\t\t\t\t\t\t\t\t\t\t\t\t\t<h3>13 mars - Marche Trait d&#039;Union\t\t\t\t\t\t\t\t\t<span>24 images<\/span>\n\t\t\t\t\t\t\t\t<\/h3>\n\t\t\t\t\t\t\t<\/a>\n\t\t\t\t\t\t<\/div>\n\t\t\t\t\t<\/div>\n\t\t\t\t<\/li>\n\t\t\t\t\t\t\t\t\t<li>\n\t\t\t\t\t<div class=\"foogallery-pile\">\n\t\t\t\t\t\t<div class=\"foogallery-pile-inner\">\n\t\t\t\t\t\t\t<a href=\"\/index.php\/wp-json\/wp\/v2\/pages\/38576?zgalleryz=semaine-du-jardinage-cp-ce-ecole-de-chaillac#photos-manifestations-exceptionnelles-2011\" target=\"_self\">\n\t\t\t\t\t\t\t\t<img loading=\"lazy\" decoding=\"async\"  src=\"https:\/\/autourdenous87.fr\/wp-content\/uploads\/cache\/2016\/03\/Semaine-du-jardinage-CP-CE-Ecole-de-Chaillac-1\/729041523.jpg\" width=\"200\" height=\"200\" class=\"skip-lazy\" \/>\t\t\t\t\t\t\t\t\t\t\t\t\t\t\t\t<h3>Semaine du jardinage CP-CE Ecole de Chaillac\t\t\t\t\t\t\t\t\t<span>22 images<\/span>\n\t\t\t\t\t\t\t\t<\/h3>\n\t\t\t\t\t\t\t<\/a>\n\t\t\t\t\t\t<\/div>\n\t\t\t\t\t<\/div>\n\t\t\t\t<\/li>\n\t\t\t\t\t\t\t\t\t<li>\n\t\t\t\t\t<div class=\"foogallery-pile\">\n\t\t\t\t\t\t<div class=\"foogallery-pile-inner\">\n\t\t\t\t\t\t\t<a href=\"\/index.php\/wp-json\/wp\/v2\/pages\/38576?zgalleryz=semaine-du-jardinage-ecole-maternelle-de-chaillac#photos-manifestations-exceptionnelles-2011\" target=\"_self\">\n\t\t\t\t\t\t\t\t<img loading=\"lazy\" decoding=\"async\"  src=\"https:\/\/autourdenous87.fr\/wp-content\/uploads\/cache\/2016\/03\/Semaine-du-jardinage-Ecole-maternelle-de-Chaillac-1\/2523406207.jpg\" width=\"200\" height=\"200\" class=\"skip-lazy\" \/>\t\t\t\t\t\t\t\t\t\t\t\t\t\t\t\t<h3>Semaine du jardinage - Ecole maternelle de Chaillac\t\t\t\t\t\t\t\t\t<span>27 images<\/span>\n\t\t\t\t\t\t\t\t<\/h3>\n\t\t\t\t\t\t\t<\/a>\n\t\t\t\t\t\t<\/div>\n\t\t\t\t\t<\/div>\n\t\t\t\t<\/li>\n\t\t\t\t\t\t\t\t\t<li>\n\t\t\t\t\t<div class=\"foogallery-pile\">\n\t\t\t\t\t\t<div class=\"foogallery-pile-inner\">\n\t\t\t\t\t\t\t<a href=\"\/index.php\/wp-json\/wp\/v2\/pages\/38576?zgalleryz=semaine-du-jardinage-i-m-e#photos-manifestations-exceptionnelles-2011\" target=\"_self\">\n\t\t\t\t\t\t\t\t<img loading=\"lazy\" decoding=\"async\"  src=\"https:\/\/autourdenous87.fr\/wp-content\/uploads\/cache\/2016\/03\/Semaine-du-jardinage-I_M_E-1\/2800031470.jpg\" width=\"200\" height=\"200\" class=\"skip-lazy\" \/>\t\t\t\t\t\t\t\t\t\t\t\t\t\t\t\t<h3>Semaine du jardinage - I.M.E\t\t\t\t\t\t\t\t\t<span>19 images<\/span>\n\t\t\t\t\t\t\t\t<\/h3>\n\t\t\t\t\t\t\t<\/a>\n\t\t\t\t\t\t<\/div>\n\t\t\t\t\t<\/div>\n\t\t\t\t<\/li>\n\t\t\t\t\t\t\t\t\t<li>\n\t\t\t\t\t<div class=\"foogallery-pile\">\n\t\t\t\t\t\t<div class=\"foogallery-pile-inner\">\n\t\t\t\t\t\t\t<a href=\"\/index.php\/wp-json\/wp\/v2\/pages\/38576?zgalleryz=semaine-du-jardinage-ecole-j-curie#photos-manifestations-exceptionnelles-2011\" target=\"_self\">\n\t\t\t\t\t\t\t\t<img loading=\"lazy\" decoding=\"async\"  src=\"https:\/\/autourdenous87.fr\/wp-content\/uploads\/cache\/2016\/03\/Semaine-du-jardinage-Ecole-J-Curie-1\/3660506739.jpg\" width=\"200\" height=\"200\" class=\"skip-lazy\" \/>\t\t\t\t\t\t\t\t\t\t\t\t\t\t\t\t<h3>Semaine du jardinage - Ecole J Curie\t\t\t\t\t\t\t\t\t<span>12 images<\/span>\n\t\t\t\t\t\t\t\t<\/h3>\n\t\t\t\t\t\t\t<\/a>\n\t\t\t\t\t\t<\/div>\n\t\t\t\t\t<\/div>\n\t\t\t\t<\/li>\n\t\t\t\t\t\t\t\t\t<li>\n\t\t\t\t\t<div class=\"foogallery-pile\">\n\t\t\t\t\t\t<div class=\"foogallery-pile-inner\">\n\t\t\t\t\t\t\t<a href=\"\/index.php\/wp-json\/wp\/v2\/pages\/38576?zgalleryz=26-mars-assemblee-generale-de-l-n-e#photos-manifestations-exceptionnelles-2011\" target=\"_self\">\n\t\t\t\t\t\t\t\t<img loading=\"lazy\" decoding=\"async\"  src=\"https:\/\/autourdenous87.fr\/wp-content\/uploads\/cache\/2016\/03\/26-mars-Assembl\u00e9e-g\u00e9n\u00e9rale-de-L_N_E-1\/4014301278.jpg\" width=\"200\" height=\"200\" class=\"skip-lazy\" \/>\t\t\t\t\t\t\t\t\t\t\t\t\t\t\t\t<h3>26 mars - Assembl\u00e9e g\u00e9n\u00e9rale de L.N.E\t\t\t\t\t\t\t\t\t<span>31 images<\/span>\n\t\t\t\t\t\t\t\t<\/h3>\n\t\t\t\t\t\t\t<\/a>\n\t\t\t\t\t\t<\/div>\n\t\t\t\t\t<\/div>\n\t\t\t\t<\/li>\n\t\t\t\t\t\t\t\t\t<li>\n\t\t\t\t\t<div class=\"foogallery-pile\">\n\t\t\t\t\t\t<div class=\"foogallery-pile-inner\">\n\t\t\t\t\t\t\t<a href=\"\/index.php\/wp-json\/wp\/v2\/pages\/38576?zgalleryz=rando-challenges-de-la-haute-vienne-10-avril-2011#photos-manifestations-exceptionnelles-2011\" target=\"_self\">\n\t\t\t\t\t\t\t\t<img loading=\"lazy\" decoding=\"async\"  src=\"https:\/\/autourdenous87.fr\/wp-content\/uploads\/cache\/2016\/03\/Rando-Challenges-de-la-Haute-Vienne-10-avril-2011-1\/3192009561.jpg\" width=\"200\" height=\"200\" class=\"skip-lazy\" \/>\t\t\t\t\t\t\t\t\t\t\t\t\t\t\t\t<h3>Rando Challenges de la Haute-Vienne - 10 avril 2011\t\t\t\t\t\t\t\t\t<span>16 images<\/span>\n\t\t\t\t\t\t\t\t<\/h3>\n\t\t\t\t\t\t\t<\/a>\n\t\t\t\t\t\t<\/div>\n\t\t\t\t\t<\/div>\n\t\t\t\t<\/li>\n\t\t\t\t\t\t\t\t\t<li>\n\t\t\t\t\t<div class=\"foogallery-pile\">\n\t\t\t\t\t\t<div class=\"foogallery-pile-inner\">\n\t\t\t\t\t\t\t<a href=\"\/index.php\/wp-json\/wp\/v2\/pages\/38576?zgalleryz=14-avril-adn-avec-lecole-de-chaillac-au-vaseix#photos-manifestations-exceptionnelles-2011\" target=\"_self\">\n\t\t\t\t\t\t\t\t<img loading=\"lazy\" decoding=\"async\"  src=\"https:\/\/autourdenous87.fr\/wp-content\/uploads\/cache\/2016\/03\/14-avril-ADN-avec-l\u00e9cole-de-Chaillac-au-Vaseix-1\/798035557.jpg\" width=\"200\" height=\"200\" class=\"skip-lazy\" \/>\t\t\t\t\t\t\t\t\t\t\t\t\t\t\t\t<h3>14 avril - ADN avec l&#039;\u00e9cole de Chaillac au Vaseix\t\t\t\t\t\t\t\t\t<span>35 images<\/span>\n\t\t\t\t\t\t\t\t<\/h3>\n\t\t\t\t\t\t\t<\/a>\n\t\t\t\t\t\t<\/div>\n\t\t\t\t\t<\/div>\n\t\t\t\t<\/li>\n\t\t\t\t\t\t\t\t\t<li>\n\t\t\t\t\t<div class=\"foogallery-pile\">\n\t\t\t\t\t\t<div class=\"foogallery-pile-inner\">\n\t\t\t\t\t\t\t<a href=\"\/index.php\/wp-json\/wp\/v2\/pages\/38576?zgalleryz=10-mai-la-foret-animation-la-loutre#photos-manifestations-exceptionnelles-2011\" target=\"_self\">\n\t\t\t\t\t\t\t\t<img loading=\"lazy\" decoding=\"async\"  src=\"https:\/\/autourdenous87.fr\/wp-content\/uploads\/cache\/2016\/03\/10-mai-La-For\u00eat-Animation-La-Loutre-1\/1319425934.jpg\" width=\"200\" height=\"200\" class=\"skip-lazy\" \/>\t\t\t\t\t\t\t\t\t\t\t\t\t\t\t\t<h3>10 mai - La For\u00eat - Animation La Loutre\t\t\t\t\t\t\t\t\t<span>27 images<\/span>\n\t\t\t\t\t\t\t\t<\/h3>\n\t\t\t\t\t\t\t<\/a>\n\t\t\t\t\t\t<\/div>\n\t\t\t\t\t<\/div>\n\t\t\t\t<\/li>\n\t\t\t\t\t\t\t\t\t<li>\n\t\t\t\t\t<div class=\"foogallery-pile\">\n\t\t\t\t\t\t<div class=\"foogallery-pile-inner\">\n\t\t\t\t\t\t\t<a href=\"\/index.php\/wp-json\/wp\/v2\/pages\/38576?zgalleryz=15-mai-marche-de-printemps-a-la-bretagne#photos-manifestations-exceptionnelles-2011\" target=\"_self\">\n\t\t\t\t\t\t\t\t<img loading=\"lazy\" decoding=\"async\"  src=\"https:\/\/autourdenous87.fr\/wp-content\/uploads\/cache\/2016\/03\/15-mai-March\u00e9-de-printemps-\u00e0-La-Bretagne-1\/953247041.jpg\" width=\"200\" height=\"200\" class=\"skip-lazy\" \/>\t\t\t\t\t\t\t\t\t\t\t\t\t\t\t\t<h3>15 mai - March\u00e9 de printemps \u00e0 La Bretagne\t\t\t\t\t\t\t\t\t<span>25 images<\/span>\n\t\t\t\t\t\t\t\t<\/h3>\n\t\t\t\t\t\t\t<\/a>\n\t\t\t\t\t\t<\/div>\n\t\t\t\t\t<\/div>\n\t\t\t\t<\/li>\n\t\t\t\t\t\t\t\t\t<li>\n\t\t\t\t\t<div class=\"foogallery-pile\">\n\t\t\t\t\t\t<div class=\"foogallery-pile-inner\">\n\t\t\t\t\t\t\t<a href=\"\/index.php\/wp-json\/wp\/v2\/pages\/38576?zgalleryz=19-juin-marche-des-papillons#photos-manifestations-exceptionnelles-2011\" target=\"_self\">\n\t\t\t\t\t\t\t\t<img loading=\"lazy\" decoding=\"async\"  src=\"https:\/\/autourdenous87.fr\/wp-content\/uploads\/cache\/2016\/03\/19-juin-Marche-des-Papillons-1\/1987508722.jpg\" width=\"200\" height=\"200\" class=\"skip-lazy\" \/>\t\t\t\t\t\t\t\t\t\t\t\t\t\t\t\t<h3>19 juin - Marche des Papillons\t\t\t\t\t\t\t\t\t<span>22 images<\/span>\n\t\t\t\t\t\t\t\t<\/h3>\n\t\t\t\t\t\t\t<\/a>\n\t\t\t\t\t\t<\/div>\n\t\t\t\t\t<\/div>\n\t\t\t\t<\/li>\n\t\t\t\t\t\t\t\t\t<li>\n\t\t\t\t\t<div class=\"foogallery-pile\">\n\t\t\t\t\t\t<div class=\"foogallery-pile-inner\">\n\t\t\t\t\t\t\t<a href=\"\/index.php\/wp-json\/wp\/v2\/pages\/38576?zgalleryz=1er-aout-la-hte-vienne-a-pied#photos-manifestations-exceptionnelles-2011\" target=\"_self\">\n\t\t\t\t\t\t\t\t<img loading=\"lazy\" decoding=\"async\"  src=\"https:\/\/autourdenous87.fr\/wp-content\/uploads\/cache\/2016\/03\/1er-ao\u00fbt-La-Hte-Vienne-\u00e0-pied-2\/3605678332.jpg\" width=\"200\" height=\"200\" class=\"skip-lazy\" \/>\t\t\t\t\t\t\t\t\t\t\t\t\t\t\t\t<h3>1er ao\u00fbt - La Hte Vienne \u00e0 pied\t\t\t\t\t\t\t\t\t<span>35 images<\/span>\n\t\t\t\t\t\t\t\t<\/h3>\n\t\t\t\t\t\t\t<\/a>\n\t\t\t\t\t\t<\/div>\n\t\t\t\t\t<\/div>\n\t\t\t\t<\/li>\n\t\t\t\t\t\t\t\t\t<li>\n\t\t\t\t\t<div class=\"foogallery-pile\">\n\t\t\t\t\t\t<div class=\"foogallery-pile-inner\">\n\t\t\t\t\t\t\t<a href=\"\/index.php\/wp-json\/wp\/v2\/pages\/38576?zgalleryz=2-aout-la-hte-vienne-a-pied#photos-manifestations-exceptionnelles-2011\" target=\"_self\">\n\t\t\t\t\t\t\t\t<img loading=\"lazy\" decoding=\"async\"  src=\"https:\/\/autourdenous87.fr\/wp-content\/uploads\/cache\/2016\/03\/2-ao\u00fbt-La-Hte-Vienne-\u00e0-pied-2\/3821744240.jpg\" width=\"200\" height=\"200\" class=\"skip-lazy\" \/>\t\t\t\t\t\t\t\t\t\t\t\t\t\t\t\t<h3>2 ao\u00fbt - La Hte Vienne \u00e0 pied\t\t\t\t\t\t\t\t\t<span>32 images<\/span>\n\t\t\t\t\t\t\t\t<\/h3>\n\t\t\t\t\t\t\t<\/a>\n\t\t\t\t\t\t<\/div>\n\t\t\t\t\t<\/div>\n\t\t\t\t<\/li>\n\t\t\t\t\t\t\t\t\t<li>\n\t\t\t\t\t<div class=\"foogallery-pile\">\n\t\t\t\t\t\t<div class=\"foogallery-pile-inner\">\n\t\t\t\t\t\t\t<a href=\"\/index.php\/wp-json\/wp\/v2\/pages\/38576?zgalleryz=3-aout-la-hte-vienne-a-pied#photos-manifestations-exceptionnelles-2011\" target=\"_self\">\n\t\t\t\t\t\t\t\t<img loading=\"lazy\" decoding=\"async\"  src=\"https:\/\/autourdenous87.fr\/wp-content\/uploads\/cache\/2016\/03\/3-ao\u00fbt-La-Hte-Vienne-\u00e0-pied-1\/2755922760.jpg\" width=\"200\" height=\"200\" class=\"skip-lazy\" \/>\t\t\t\t\t\t\t\t\t\t\t\t\t\t\t\t<h3>3 ao\u00fbt - La Hte Vienne \u00e0 pied\t\t\t\t\t\t\t\t\t<span>28 images<\/span>\n\t\t\t\t\t\t\t\t<\/h3>\n\t\t\t\t\t\t\t<\/a>\n\t\t\t\t\t\t<\/div>\n\t\t\t\t\t<\/div>\n\t\t\t\t<\/li>\n\t\t\t\t\t\t\t\t\t<li>\n\t\t\t\t\t<div class=\"foogallery-pile\">\n\t\t\t\t\t\t<div class=\"foogallery-pile-inner\">\n\t\t\t\t\t\t\t<a href=\"\/index.php\/wp-json\/wp\/v2\/pages\/38576?zgalleryz=4-aout-la-hte-vienne-a-pied#photos-manifestations-exceptionnelles-2011\" target=\"_self\">\n\t\t\t\t\t\t\t\t<img loading=\"lazy\" decoding=\"async\"  src=\"https:\/\/autourdenous87.fr\/wp-content\/uploads\/cache\/2016\/03\/4-ao\u00fbt-La-Hte-Vienne-\u00e0-pied-1\/4248879417.jpg\" width=\"200\" height=\"200\" class=\"skip-lazy\" \/>\t\t\t\t\t\t\t\t\t\t\t\t\t\t\t\t<h3>4 ao\u00fbt - La Hte Vienne \u00e0 pied\t\t\t\t\t\t\t\t\t<span>58 images<\/span>\n\t\t\t\t\t\t\t\t<\/h3>\n\t\t\t\t\t\t\t<\/a>\n\t\t\t\t\t\t<\/div>\n\t\t\t\t\t<\/div>\n\t\t\t\t<\/li>\n\t\t\t\t\t\t\t\t\t<li>\n\t\t\t\t\t<div class=\"foogallery-pile\">\n\t\t\t\t\t\t<div class=\"foogallery-pile-inner\">\n\t\t\t\t\t\t\t<a href=\"\/index.php\/wp-json\/wp\/v2\/pages\/38576?zgalleryz=5-aout-la-hte-vienne-a-pied#photos-manifestations-exceptionnelles-2011\" target=\"_self\">\n\t\t\t\t\t\t\t\t<img loading=\"lazy\" decoding=\"async\"  src=\"https:\/\/autourdenous87.fr\/wp-content\/uploads\/cache\/2016\/03\/5-ao\u00fbt-La-Hte-Vienne-\u00e0-pied-1\/1447631530.jpg\" width=\"200\" height=\"200\" class=\"skip-lazy\" \/>\t\t\t\t\t\t\t\t\t\t\t\t\t\t\t\t<h3>5 ao\u00fbt - La Hte Vienne \u00e0 pied\t\t\t\t\t\t\t\t\t<span>40 images<\/span>\n\t\t\t\t\t\t\t\t<\/h3>\n\t\t\t\t\t\t\t<\/a>\n\t\t\t\t\t\t<\/div>\n\t\t\t\t\t<\/div>\n\t\t\t\t<\/li>\n\t\t\t\t\t\t\t\t\t<li>\n\t\t\t\t\t<div class=\"foogallery-pile\">\n\t\t\t\t\t\t<div class=\"foogallery-pile-inner\">\n\t\t\t\t\t\t\t<a href=\"\/index.php\/wp-json\/wp\/v2\/pages\/38576?zgalleryz=6-aout-la-hte-vienne-a-pied#photos-manifestations-exceptionnelles-2011\" target=\"_self\">\n\t\t\t\t\t\t\t\t<img loading=\"lazy\" decoding=\"async\"  src=\"https:\/\/autourdenous87.fr\/wp-content\/uploads\/cache\/2016\/03\/6-ao\u00fbt-La-Hte-Vienne-\u00e0-pied-1\/1940242605.jpg\" width=\"200\" height=\"200\" class=\"skip-lazy\" \/>\t\t\t\t\t\t\t\t\t\t\t\t\t\t\t\t<h3>6 ao\u00fbt - La Hte Vienne \u00e0 pied\t\t\t\t\t\t\t\t\t<span>43 images<\/span>\n\t\t\t\t\t\t\t\t<\/h3>\n\t\t\t\t\t\t\t<\/a>\n\t\t\t\t\t\t<\/div>\n\t\t\t\t\t<\/div>\n\t\t\t\t<\/li>\n\t\t\t\t\t\t\t\t\t<li>\n\t\t\t\t\t<div class=\"foogallery-pile\">\n\t\t\t\t\t\t<div class=\"foogallery-pile-inner\">\n\t\t\t\t\t\t\t<a href=\"\/index.php\/wp-json\/wp\/v2\/pages\/38576?zgalleryz=19-aout-marche-du-marche-de-pays#photos-manifestations-exceptionnelles-2011\" target=\"_self\">\n\t\t\t\t\t\t\t\t<img loading=\"lazy\" decoding=\"async\"  src=\"https:\/\/autourdenous87.fr\/wp-content\/uploads\/cache\/2016\/03\/19-ao\u00fbt-Marche-du-march\u00e9-de-pays-1\/2331918307.jpg\" width=\"200\" height=\"200\" class=\"skip-lazy\" \/>\t\t\t\t\t\t\t\t\t\t\t\t\t\t\t\t<h3>19 ao\u00fbt - Marche du march\u00e9 de pays\t\t\t\t\t\t\t\t\t<span>35 images<\/span>\n\t\t\t\t\t\t\t\t<\/h3>\n\t\t\t\t\t\t\t<\/a>\n\t\t\t\t\t\t<\/div>\n\t\t\t\t\t<\/div>\n\t\t\t\t<\/li>\n\t\t\t\t\t\t\t\t\t<li>\n\t\t\t\t\t<div class=\"foogallery-pile\">\n\t\t\t\t\t\t<div class=\"foogallery-pile-inner\">\n\t\t\t\t\t\t\t<a href=\"\/index.php\/wp-json\/wp\/v2\/pages\/38576?zgalleryz=23-sept-nettoyons-la-nature-1#photos-manifestations-exceptionnelles-2011\" target=\"_self\">\n\t\t\t\t\t\t\t\t<img loading=\"lazy\" decoding=\"async\"  src=\"https:\/\/autourdenous87.fr\/wp-content\/uploads\/cache\/2016\/03\/23-sept-Nettoyons-la-nature-1\/2396263357.jpg\" width=\"200\" height=\"200\" class=\"skip-lazy\" \/>\t\t\t\t\t\t\t\t\t\t\t\t\t\t\t\t<h3>23 sept - Nettoyons la nature (1)\t\t\t\t\t\t\t\t\t<span>27 images<\/span>\n\t\t\t\t\t\t\t\t<\/h3>\n\t\t\t\t\t\t\t<\/a>\n\t\t\t\t\t\t<\/div>\n\t\t\t\t\t<\/div>\n\t\t\t\t<\/li>\n\t\t\t\t\t\t\t\t\t<li>\n\t\t\t\t\t<div class=\"foogallery-pile\">\n\t\t\t\t\t\t<div class=\"foogallery-pile-inner\">\n\t\t\t\t\t\t\t<a href=\"\/index.php\/wp-json\/wp\/v2\/pages\/38576?zgalleryz=23-sept-nettoyons-la-nature-2#photos-manifestations-exceptionnelles-2011\" target=\"_self\">\n\t\t\t\t\t\t\t\t<img loading=\"lazy\" decoding=\"async\"  src=\"https:\/\/autourdenous87.fr\/wp-content\/uploads\/cache\/2016\/03\/23-sept-Nettoyons-la-nature-2-1\/1814062407.jpg\" width=\"200\" height=\"200\" class=\"skip-lazy\" \/>\t\t\t\t\t\t\t\t\t\t\t\t\t\t\t\t<h3>23 sept - Nettoyons la nature (2)\t\t\t\t\t\t\t\t\t<span>25 images<\/span>\n\t\t\t\t\t\t\t\t<\/h3>\n\t\t\t\t\t\t\t<\/a>\n\t\t\t\t\t\t<\/div>\n\t\t\t\t\t<\/div>\n\t\t\t\t<\/li>\n\t\t\t\t\t\t\t\t\t<li>\n\t\t\t\t\t<div class=\"foogallery-pile\">\n\t\t\t\t\t\t<div class=\"foogallery-pile-inner\">\n\t\t\t\t\t\t\t<a href=\"\/index.php\/wp-json\/wp\/v2\/pages\/38576?zgalleryz=23-sept-nettoyons-la-nature-3#photos-manifestations-exceptionnelles-2011\" target=\"_self\">\n\t\t\t\t\t\t\t\t<img loading=\"lazy\" decoding=\"async\"  src=\"https:\/\/autourdenous87.fr\/wp-content\/uploads\/cache\/2016\/03\/23-sept-Nettoyons-la-nature-3-2\/4062845716.jpg\" width=\"200\" height=\"200\" class=\"skip-lazy\" \/>\t\t\t\t\t\t\t\t\t\t\t\t\t\t\t\t<h3>23 sept - Nettoyons la nature (3)\t\t\t\t\t\t\t\t\t<span>13 images<\/span>\n\t\t\t\t\t\t\t\t<\/h3>\n\t\t\t\t\t\t\t<\/a>\n\t\t\t\t\t\t<\/div>\n\t\t\t\t\t<\/div>\n\t\t\t\t<\/li>\n\t\t\t\t\t\t\t\t\t<li>\n\t\t\t\t\t<div class=\"foogallery-pile\">\n\t\t\t\t\t\t<div class=\"foogallery-pile-inner\">\n\t\t\t\t\t\t\t<a href=\"\/index.php\/wp-json\/wp\/v2\/pages\/38576?zgalleryz=8-oct-les-potirons-10-ans-adn#photos-manifestations-exceptionnelles-2011\" target=\"_self\">\n\t\t\t\t\t\t\t\t<img loading=\"lazy\" decoding=\"async\"  src=\"https:\/\/autourdenous87.fr\/wp-content\/uploads\/cache\/2016\/03\/8-oct-Les-Potirons-10-ans-ADN-1\/1817105869.jpg\" width=\"200\" height=\"200\" class=\"skip-lazy\" \/>\t\t\t\t\t\t\t\t\t\t\t\t\t\t\t\t<h3>8 oct - Les Potirons - 10 ans ADN\t\t\t\t\t\t\t\t\t<span>169 images<\/span>\n\t\t\t\t\t\t\t\t<\/h3>\n\t\t\t\t\t\t\t<\/a>\n\t\t\t\t\t\t<\/div>\n\t\t\t\t\t<\/div>\n\t\t\t\t<\/li>\n\t\t\t\t\t\t\t\t\t<li>\n\t\t\t\t\t<div class=\"foogallery-pile\">\n\t\t\t\t\t\t<div class=\"foogallery-pile-inner\">\n\t\t\t\t\t\t\t<a href=\"\/index.php\/wp-json\/wp\/v2\/pages\/38576?zgalleryz=18-oct-balisage-grp-des-monts-dambazac#photos-manifestations-exceptionnelles-2011\" target=\"_self\">\n\t\t\t\t\t\t\t\t<img loading=\"lazy\" decoding=\"async\"  src=\"https:\/\/autourdenous87.fr\/wp-content\/uploads\/cache\/2016\/03\/18-oct-Balisage-GRP-des-Monts-dAmbazac-1\/3301010344.jpg\" width=\"200\" height=\"200\" class=\"skip-lazy\" \/>\t\t\t\t\t\t\t\t\t\t\t\t\t\t\t\t<h3>18 oct - Balisage GRP des Monts d&#039;Ambazac\t\t\t\t\t\t\t\t\t<span>35 images<\/span>\n\t\t\t\t\t\t\t\t<\/h3>\n\t\t\t\t\t\t\t<\/a>\n\t\t\t\t\t\t<\/div>\n\t\t\t\t\t<\/div>\n\t\t\t\t<\/li>\n\t\t\t\t\t\t\t\t\t<li>\n\t\t\t\t\t<div class=\"foogallery-pile\">\n\t\t\t\t\t\t<div class=\"foogallery-pile-inner\">\n\t\t\t\t\t\t\t<a href=\"\/index.php\/wp-json\/wp\/v2\/pages\/38576?zgalleryz=3-dec-marche-du-telethon#photos-manifestations-exceptionnelles-2011\" target=\"_self\">\n\t\t\t\t\t\t\t\t<img loading=\"lazy\" decoding=\"async\"  src=\"https:\/\/autourdenous87.fr\/wp-content\/uploads\/cache\/2016\/03\/3-dec-Marche-du-T\u00e9l\u00e9thon-1\/2956912995.jpg\" width=\"200\" height=\"200\" class=\"skip-lazy\" \/>\t\t\t\t\t\t\t\t\t\t\t\t\t\t\t\t<h3>3 dec - Marche du T\u00e9l\u00e9thon\t\t\t\t\t\t\t\t\t<span>16 images<\/span>\n\t\t\t\t\t\t\t\t<\/h3>\n\t\t\t\t\t\t\t<\/a>\n\t\t\t\t\t\t<\/div>\n\t\t\t\t\t<\/div>\n\t\t\t\t<\/li>\n\t\t\t\t\t\t\t\t\t<li>\n\t\t\t\t\t<div class=\"foogallery-pile\">\n\t\t\t\t\t\t<div class=\"foogallery-pile-inner\">\n\t\t\t\t\t\t\t<a href=\"\/index.php\/wp-json\/wp\/v2\/pages\/38576?zgalleryz=4-dec-marche-du-marche-de-la-st-nicolas#photos-manifestations-exceptionnelles-2011\" target=\"_self\">\n\t\t\t\t\t\t\t\t<img loading=\"lazy\" decoding=\"async\"  src=\"https:\/\/autourdenous87.fr\/wp-content\/uploads\/cache\/2016\/03\/4-d\u00e9c-Marche-du-march\u00e9-de-la-St-Nicolas-1\/2222127884.jpg\" width=\"200\" height=\"200\" class=\"skip-lazy\" \/>\t\t\t\t\t\t\t\t\t\t\t\t\t\t\t\t<h3>4 d\u00e9c - Marche du march\u00e9 de la St Nicolas\t\t\t\t\t\t\t\t\t<span>21 images<\/span>\n\t\t\t\t\t\t\t\t<\/h3>\n\t\t\t\t\t\t\t<\/a>\n\t\t\t\t\t\t<\/div>\n\t\t\t\t\t<\/div>\n\t\t\t\t<\/li>\n\t\t\t\t\t\t\t\t\t<li>\n\t\t\t\t\t<div class=\"foogallery-pile\">\n\t\t\t\t\t\t<div class=\"foogallery-pile-inner\">\n\t\t\t\t\t\t\t<a href=\"\/index.php\/wp-json\/wp\/v2\/pages\/38576?zgalleryz=23-dec-balade-des-illuminations#photos-manifestations-exceptionnelles-2011\" target=\"_self\">\n\t\t\t\t\t\t\t\t<img loading=\"lazy\" decoding=\"async\"  src=\"https:\/\/autourdenous87.fr\/wp-content\/uploads\/cache\/2016\/03\/23-dec-Balade-des-illuminations-1\/805481937.jpg\" width=\"200\" height=\"200\" class=\"skip-lazy\" \/>\t\t\t\t\t\t\t\t\t\t\t\t\t\t\t\t<h3>23 dec - Balade des illuminations\t\t\t\t\t\t\t\t\t<span>33 images<\/span>\n\t\t\t\t\t\t\t\t<\/h3>\n\t\t\t\t\t\t\t<\/a>\n\t\t\t\t\t\t<\/div>\n\t\t\t\t\t<\/div>\n\t\t\t\t<\/li>\n\t\t\t\t\t\t\t\t\t<li>\n\t\t\t\t\t<div class=\"foogallery-pile\">\n\t\t\t\t\t\t<div class=\"foogallery-pile-inner\">\n\t\t\t\t\t\t\t<a href=\"\/index.php\/wp-json\/wp\/v2\/pages\/38576?zgalleryz=23-dec-soiree-des-illuminations#photos-manifestations-exceptionnelles-2011\" target=\"_self\">\n\t\t\t\t\t\t\t\t<img loading=\"lazy\" decoding=\"async\"  src=\"https:\/\/autourdenous87.fr\/wp-content\/uploads\/cache\/2016\/03\/23-dec-Soir\u00e9e-des-illuminations-1\/925313580.jpg\" width=\"200\" height=\"200\" class=\"skip-lazy\" \/>\t\t\t\t\t\t\t\t\t\t\t\t\t\t\t\t<h3>23 dec - Soir\u00e9e des illuminations\t\t\t\t\t\t\t\t\t<span>23 images<\/span>\n\t\t\t\t\t\t\t\t<\/h3>\n\t\t\t\t\t\t\t<\/a>\n\t\t\t\t\t\t<\/div>\n\t\t\t\t\t<\/div>\n\t\t\t\t<\/li>\n\t\t\t\t\t\t<\/ul>\n\t<div style=\"clear: both;\"><\/div>\n<\/div>\n\n","protected":false},"excerpt":{"rendered":"","protected":false},"author":12,"featured_media":0,"parent":229,"menu_order":0,"comment_status":"closed","ping_status":"closed","template":"","meta":{"footnotes":""},"class_list":["post-38576","page","type-page","status-publish","hentry"],"_links":{"self":[{"href":"https:\/\/autourdenous87.fr\/index.php\/wp-json\/wp\/v2\/pages\/38576","targetHints":{"allow":["GET"]}}],"collection":[{"href":"https:\/\/autourdenous87.fr\/index.php\/wp-json\/wp\/v2\/pages"}],"about":[{"href":"https:\/\/autourdenous87.fr\/index.php\/wp-json\/wp\/v2\/types\/page"}],"author":[{"embeddable":true,"href":"https:\/\/autourdenous87.fr\/index.php\/wp-json\/wp\/v2\/users\/12"}],"replies":[{"embeddable":true,"href":"https:\/\/autourdenous87.fr\/index.php\/wp-json\/wp\/v2\/comments?post=38576"}],"version-history":[{"count":0,"href":"https:\/\/autourdenous87.fr\/index.php\/wp-json\/wp\/v2\/pages\/38576\/revisions"}],"up":[{"embeddable":true,"href":"https:\/\/autourdenous87.fr\/index.php\/wp-json\/wp\/v2\/pages\/229"}],"wp:attachment":[{"href":"https:\/\/autourdenous87.fr\/index.php\/wp-json\/wp\/v2\/media?parent=38576"}],"curies":[{"name":"wp","href":"https:\/\/api.w.org\/{rel}","templated":true}]}}